, what is -12 - -120100?
120011
In base 11, what is 761 - -4?
765
In base 4, what is 1 + 3120?
3121
In base 8, what is 0 + -102?
-102
In base 7, what is -25063 + 1?
-25062
In base 6, what is -242 - -4?
-234
In base 9, what is -16 + -23?
-40
In base 10, what is 94 - -30?
124
In base 10, what is -5 + -107?
-112
In base 8, what is -7300 + 5?
-7273
In base 16, what is -2d + -12c?
-159
In base 13, what is -1 + 2?
1
In base 8, what is 20 - -17?
37
In base 15, what is -6 - -9?
3
In base 4, what is 1031031 + 11?
1031102
In base 11, what is -337 - -4?
-333
In base 11, what is aa + 52?
151
In base 16, what is -3f9 + 1?
-3f8
In base 14, what is -3 + 100c?
1009
In base 5, what is 2210 + -10?
2200
In base 5, what is 300 - 240?
10
In base 7, what is 4 + 3355?
3362
In base 5, what is 214 + 222?
441
In base 15, what is -9c - 1?
-9d
In base 11, what is 174 + -3?
171
In base 7, what is 6 + 11?
20
In base 16, what is 2e - d9?
-ab
In base 7, what is 5 + 515?
523
In base 5, what is 2012 - 1?
2011
In base 7, what is 15 - -1301?
1316
In base 12, what is -451 + -5?
-456
In base 5, what is -413 + 20?
-343
In base 2, what is -10001011010 - 100?
-10001011110
In base 14, what is 0 + -241?
-241
In base 8, what is -10 + -6?
-16
In base 6, what is 52521 + 5?
52530
In base 12, what is 1 - 70?
-6b
In base 16, what is -7 - a?
-11
In base 9, what is -3 + -6502?
-6505
In base 7, what is -21 - -12?
-6
In base 7, what is -1 - -111?
110
In base 4, what is -12221 - -1?
-12220
In base 16, what is 10 - -2?
12
In base 11, what is -212 - 1?
-213
In base 7, what is 5541 - -5?
5546
In base 16, what is 170 + b?
17b
In base 6, what is 32 + -11?
21
In base 3, what is -1201 + 2?
-1122
In base 14, what is -2 + -6d4?
-6d6
In base 15, what is -56 - -4?
-52
In base 2, what is 1000111 - 11000?
101111
In base 12, what is 41 + 5?
46
In base 7, what is -52 - -33?
-16
In base 9, what is -3405 + 5?
-3400
In base 15, what is 4 + -7c?
-78
In base 7, what is -424 - 130?
-554
In base 14, what is 0 + 61b?
61b
In base 8, what is 3311 + 3?
3314
In base 8, what is 4 - -42?
46
In base 12, what is -8 - -1341?
1335
In base 8, what is -45237 - -2?
-45235
In base 14, what is 1 + 2d?
30
In base 4, what is -2 + -12?
-20
In base 5, what is -11 + 23004?
22443
In base 7, what is -44 + -5?
-52
In base 13, what is 3 + 26?
29
In base 3, what is -102 - 1212?
-2021
In base 15, what is 2 - -92?
94
In base 5, what is -3113 + 1?
-3112
In base 12, what is 1 + -641?
-640
In base 13, what is 137 - a?
12a
In base 14, what is -140 + -5?
-145
In base 7, what is 15105 - 12?
15063
In base 10, what is -3 + 77?
74
In base 16, what is -11 - 18c?
-19d
In base 4, what is -1 + 231?
230
In base 4, what is -23 - -2031?
2002
In base 7, what is 1110 - 3?
1104
In base 10, what is 13 + 97?
110
In base 6, what is 3 + 2555?
3002
In base 4, what is -1 + 1311?
1310
In base 6, what is -10 + 202?
152
In base 10, what is 0 + 184?
184
In base 13, what is -9 - -23?
17
In base 8, what is -4 - -170?
164
In base 8, what is -2 + -216?
-220
In base 4, what is -203 - -3?
-200
In base 8, what is -3372 + 2?
-3370
In base 6, what is -15 - 331?
-350
In base 8, what is -363 - -5?
-356
In base 13, what is -1 - -6?
5
In base 4, what is 10 - 301331?
-301321
In base 14, what is 7c + c?
8a
In base 10, what is 4 - -60?
64
In base 7, what is -2230 + -2?
-2232
In base 2, what is 1000 - 101111?
-100111
In base 4, what is 10110 - -23?
10133
In base 5, what is 232 - -43?
330
In base 3, what is 11 - -112?
200
In base 13, what is -15 - 402?
-417
In base 10, what is -57 - 9?
-66
In base 6, what is 144 - 13?
131
In base 3, what is -11111 - 2?
-11120
In base 13, what is 2b + -25?
6
In base 9, what is -1 - 1357?
-1358
In base 4, what is -11221101 + 3?
-11221032
In base 15, what is 1a - 3?
17
In base 10, what is -1110 - 4?
-1114
In base 13, what is -1 + 51?
50
In base 6, what is 10153 - -2?
10155
In base 13, what is 4 - -6c?
73
In base 13, what is -2 + -c08?
-c0a
In base 16, what is 5 + 2f?
34
In base 12, what is -2 - a8?
-aa
In base 10, what is 5 + -38?
-33
In base 11, what is 6 + -1054?
-1049
In base 15, what is -11 - 46?
-57
In base 2, what is -1101000 - -1001001?
-11111
In base 3, what is -22 - 1220?
-2012
In base 5, what is 32 - 1133?
-1101
In base 11, what is -3 - 2a7?
-2aa
In base 7, what is 21 + 2?
23
In base 5, what is -113 - -3?
-110
In base 7, what is 1 - -320?
321
In base 13, what is -4 - 18?
-1c
In base 3, what is -111210 + -1?
-111211
In base 12, what is 3 - -20?
23
In base 3, what is 21222102 - -1?
21222110
In base 7, what is 21 - -36?
60
In base 3, what is 1 - -1002?
1010
In base 16, what is 0 + 15b?
15b
In base 4, what is 12 + 131?
203
In base 2, what is 10001011 - 10?
10001001
In base 11, what is -49 - 2?
-50
In base 16, what is 3 - 19?
-16
In base 8, what is -6 - -3?
-3
In base 6, what is -30 - 2?
-32
In base 3, what is 12 - -10212?
11001
In base 7, what is -44 - 5?
-52
In base 11, what is -4 + 716?
712
In base 10, what is 38 + 40?
78
In base 13, what is -6 - -5a?
54
In base 11, what is -1 - -2a62?
2a61
In base 7, what is 1623 + -3?
1620
In base 16, what is -b33 - 2?
-b35
In base 15, what is bdb + -3?
bd8
In base 8, what is 2 - -1667?
1671
In base 2, what is -1101100 - 1001?
-1110101
In base 2, what is -10 + -101111?
-110001
In base 15, what is -42 + 0?
-42
In base 5, what is 340 - 21?
314
In base 10, what is -1659 + 1?
-1658
In base 11, what is -148 + -31?
-179
In base 6, what is 0 + 111?
111
In base 3, what is 112000 + 11?
112011
In base 10, what is 6542 - -5?
6547
In base 13, what is 12 + -a?
5
In base 12, what is -5 + -7?
-10
In base 6, what is -14515 - -5?
-14510
In base 12, what is -1a - 20?
-3a
In base 14, what is 2 - -b1?
b3
In base 4, what is -2 - 1230?
-1232
In base 11, what is -3 - -2a?
27
In base 11, what is 6083 - 1?
6082
In base 14, what is 3 + 7b?
80
In base 6, what is -204 + 52?
-112
In base 8, what is 3 - -667?
672
In base 7, what is -2 - -231?
226
In base 13, what is ba83 - -4?
ba87
In base 10, what is -1 + -9?
-10
In base 9, what is 14 + -50?
-35
In base 6, what is 20 + 120?
140
In base 11, what is -720 + -5?
-725
In base 5, what is -30 + -1343?
-1423
In base 7, what is 11 - 145?
-134
In base 12, what is -6475 - -5?
-6470
In base 9, what is 1 + -1306?
-1305
In base 14, what is 33 - 1?
32
In base 7, what is 153 - -2?
155
In base 12, what is -20 - 22?
-42
In base 14, what is -4 + 29a?
296
In base 5, what is -3 - 412?
-420
In base 11, what is 3 - 137?
-134
In base 16, what is -6 + -59?
-5f
In base 2, what is -10101001101 + -100?
-10101010001
In base 15, what is -b28 - 2?
-b2a
In base 12, what is -15 - -11?
-4
In base 15, what is e - 40?
-31
In base 13, what is 26b + 5?
273
In base 2, what is 10 - 1001011011?
-1001011001
In base 9, what is -5 - -1284?
1278
In base 14, what is 6 - -11?
17
In base 5, what is -14 + -430?
-444
In base 13, what is -3938 + 2?
-3936
In base 10, what is -89 - 4?
-93
In base 13, what is 486 + -4?
482
In base 12, what is 579 + 1?
57a
In base 2, what is 100 - 11101?
-11001
In base 5, what is -22 - -11?
-11
In base 15, what is 1e - -2?
21
In base 16, what is -4 - 1c7?
-1cb
In base 9, what is -3 + -1074?
-1077
In base 16, what is 6 + 8fb?
901
In base 3, what is 12 + 102?
121
In base 6, what is 4 + 5331?
5335
In base 4, what is 333 + 3?
1002
In base 15, what is 34 + a?
3e
In base 13, what is 2 - 1051?
-104c
In base 3, what is 2020 - -111?
2201
In base 11, what is 8 - -1?
9
In base 10, what is 0 + -6146?
-6146
In base 4, what is 1102 - 0?
1102
In base 6, what is -5 - 525?
-534
In base 15, what is 115 - 0?
115
In base 6, what is 4 - -10045?
10053
In base 16, what is 21 - 17?
a
In base 10, what is 14 + -664?
-650
In base 9, what is -141 + 5?
-135
In base 14, what is -2a - -12d?
103
In base 9, what is -67 - -23?
-44
In base 9, what is 5 + -7244?
-7238
In base 12, what is -295 + 0?
-295
In base 16, what is -1 + c6?
c5
In base 4, what is 1 + -10020?
-10013
In base 14, what is 1c9 - 4?
1c5
In base 6, what is 24 + 402?
430
In base 8, what is 2 + -202?
-200
In base 4, what is 131 + 10?
201
In base 4, what is -10 + -11032?
-11102
In base 13, what is 11 - 51?
-40
In base 10, what is -3578 - -2?
-3576
In base 7, what is 6106 - 3?
6103
In base 14, what is 2 - -4d?
51
In base 12, what is -139 + 5?
-134
In base 7, what is 16 + -23?
-4
In bas